 of p and j?
7
Let s = 47 + -88. Let a = -31 - s. Suppose 8*j + 110 = a*j. Calculate the highest common factor of j and 22.
11
Let v = 32 + -2. Let q = v - -3. Let y be 4 + 66/(-12) + (-50)/(-4). What is the highest common divisor of y and q?
11
Let n(u) = -1180*u + 3422. Let s be n(-8). What is the highest common factor of 218 and s?
218
Let n = 2810 - 2784. Calculate the highest common divisor of n and 806.
26
Suppose 23*q = 22*q + 45. Let l = q - 33. Suppose 4*u + l = 2*k, -3*k + 5 = 3*u - 13. What is the highest common factor of k and 12?
6
Suppose -6*u = -11*u + 2*k - 379, k - 228 = 3*u. Let l be (-4)/(-18) + 2624/18. Let q = l + u. Calculate the highest common divisor of 46 and q.
23
Let w = 219 - 134. Suppose 0 = -3*v + 8*v - w. What is the highest common factor of 51 and v?
17
Let v(c) = -10*c - 65. Let r be v(-6). Let w be ((-1748)/(-8))/((r + 4)/(-2)). What is the greatest common factor of 19 and w?
19
Let c = -3334 - -3367. Calculate the highest common divisor of c and 473.
11
Suppose 29*z + 42705 = 42*z. Suppose -5*m + z - 725 = 0. Calculate the highest common divisor of 8 and m.
8
Let t be (3540/(-105))/(-2 + 24/14). Calculate the highest common factor of 2 and t.
2
Let g(z) = 230*z**2 - 4*z - 5. Let w be g(-1). Let q = -131 + w. Calculate the highest common factor of q and 28.
14
Let b = 682 - 252. Suppose 15 = -2*m - p + b, -636 = -3*m + 3*p. Calculate the highest common factor of m and 19.
19
Let v = 585 - -178. Suppose 0 = 24*z + 187 - v. What is the greatest common factor of z and 21?
3
Suppose 199*c - 195*c = 1176. Calculate the highest common factor of 70 and c.
14
Let m(o) = o - 10. Let t be m(9). Let s(n) be the third derivative of -7*n**4/6 + 2*n**2. Let h be s(t). Calculate the greatest common divisor of h and 196.
28
Suppose -4*w + 4 = -16. Let v be (-2)/10 + 3080/275. Suppose 48 + 447 = v*a. What is the highest common divisor of w and a?
5
Let i be (-132)/(-24) + 3/(-2) - 125. Let b be -2 + 9/5 + i/(-5). What is the greatest common factor of b and 264?
24
Let g be (14 - (-1 + 4))/((-12)/(-852)). Calculate the greatest common divisor of 142 and g.
71
Let f = -26412 - -26652. What is the highest common factor of f and 8320?
80
Suppose r - 5*s - 73 = 22, 0 = 4*r + s - 317. Suppose -3*c + r = -c. What is the greatest common factor of 180 and c?
20
Let t = 1 - -89. Let n = t - -50. Suppose -n = -3*p + 5*d, -3*p - 76 = -5*p - d. Calculate the greatest common factor of 360 and p.
40
Let b be 80/(-25) + 2/10. Let s = b + 48. What is the highest common factor of 30 and s?
15
Let r be (59/2)/(3*(-14)/(-84)). Suppose r*t = 61*t - 8. Calculate the highest common factor of 2 and t.
2
Let o be 12 + (-1 - 21/3). Suppose 0 = -2*k - 3*k + 10. Suppose 3*b + 3*n = 36, b - k*n + 48 = 6*b. Calculate the highest common factor of o and b.
4
Let d(f) = -f**2 - 53*f + 1235. Let b be d(-67). What is the highest common factor of b and 825?
33
Let w = -41 + 48. Suppose w*z - 2*z - 2041 = -4*s, -5*s = -z - 2515. Let t be 12/(-20) + -1 + s/15. Calculate the highest common divisor of t and 96.
32
Suppose -m + 5*h = -18, 11 = 2*m + 3*h + 1. Suppose -m*z + 307 = -77. Calculate the highest common factor of 36 and z.
12
Suppose -60*v + 746 + 934 = 0. Calculate the highest common factor of 469 and v.
7
Suppose 8*j - 13*j = -15. Suppose 0 = j*n - 23 - 49. Let h be 42/(-35)*(-40)/6. Calculate the greatest common factor of n and h.
8
Let i be ((1764/(-8))/7)/(9/(-4020)). Calculate the greatest common factor of i and 210.
210
Let j(u) = 2*u**2 - 3. Let y be j(7). Suppose -5*l = -0*g + 3*g - 82, l + g = 18. Let s = 5 + l. What is the highest common divisor of s and y?
19
Let r(a) = -a**3 + 16*a**2 - 55*a + 13. Let b be r(10). Suppose -m + 195 = 2*u - 4*m, -2*u + 200 = -2*m. Calculate the highest common divisor of b and u.
21
Let g be ((-7 - -4)*1)/((-18)/(-174)). Let l = g - -285. What is the highest common divisor of l and 32?
32
Let u(l) = -l**3 + 38*l**2 - 71*l - 31. Let q be u(36). What is the highest common factor of 446 and q?
1
Let f be 1370 + (-1 + 3 - 0 - -6). Calculate the highest common factor of 212 and f.
106
Suppose 4*i = -2*i - 798. Let y = -74 - i. Let f = y - 33. Calculate the highest common divisor of f and 65.
13
Let p = -1552 + 5326. Calculate the greatest common divisor of 37 and p.
37
Suppose -23*a - 2895 = -917. Let g = -44 - a. What is the greatest common divisor of g and 12?
6
Suppose 5*v + 300 = 4*w, 5*w = v - 0*w + 39. Let r = -12 - v. Calculate the greatest common divisor of r and 91.
13
Suppose 0 = -18*i + 30*i - 1056. Calculate the greatest common factor of 11 and i.
11
Let p be 1935 + -6*(-119)/42. What is the greatest common factor of p and 4?
4
Let o = 2339 - 2337. What is the highest common divisor of o and 61?
1
Let d be ((-110638)/(-33) + 12)/(4/6). What is the highest common factor of d and 412?
103
Let i be 461142/11645*40/22. Let j = -6 - 5. Let p = -3 - j. Calculate the highest common factor of p and i.
8
Suppose -4 = 2*i - 6. Let d be (i - 2/10)/((-4)/(-30)). Let k be ((-850)/51)/((-4)/d). What is the greatest common divisor of 175 and k?
25
Let w be (-721*3/(-9))/(11/(-77))*-3. Calculate the highest common divisor of w and 103.
103
Let m be (-3 - -12)*(-2)/(-27)*(-38 + 47). What is the greatest common divisor of m and 184?
2
Let h(g) = 6*g**3 + 15*g**2 - 12*g - 4. Let d be h(6). Let p be (-3)/(-5) - d/(-25). What is the highest common divisor of p and 71?
71
Let v(s) = -3*s**3 + 7*s**2 + 22*s + 33. Let b be v(-4). Calculate the highest common divisor of 2324 and b.
83
Suppose 2*c = -10 + 28. Suppose 735 = 4*t + 663. What is the greatest common divisor of c and t?
9
Suppose -4*u + 267 = -7*u. Let g = u - -139. Calculate the highest common factor of 90 and g.
10
Let s(o) = o**2 - 9*o + 19. Let f be s(7). Suppose 418 = 4*g - 62. What is the greatest common factor of g and f?
5
Suppose 110*l - 17142 = 2438. What is the greatest common factor of 8722 and l?
178
Let y(m) = 1046*m**2 + 158*m - 324. Let f be y(2). Calculate the greatest common factor of 2436 and f.
348
Let q(d) = 9*d + 89. Let p(s) = -4*s - 44. Let o(c) = 7*p(c) + 4*q(c). Let m be o(-6). Suppose m*a - 5 = -a. Calculate the highest common factor of 10 and a.
5
Let m be 21 + ((-5 - -5)/2 - -1). Suppose m*j + 635 = 1669. Calculate the highest common factor of 517 and j.
47
Let l be ((-430)/(-105))/43 - (-6)/(504/17380). Calculate the greatest common divisor of l and 23046.
69
Let j(m) = -2*m**3 + 190*m**2 - 901*m + 363. Let k be j(90). Let h be 2 - 1 - (-21 - -1). Calculate the highest common factor of h and k.
21
Let m(z) = -2*z**3 - z**2 + 6*z + 16. Let w be m(-2). Let l be (-6)/4*34/(-51). What is the highest common factor of w and l?
1
Suppose 3*f = -l + 3686, 2*l - 321 = -3*f + 3361. Calculate the highest common factor of f and 150.
30
Let x be 105/(-7)*((-2784)/15 + -1). What is the highest common factor of 18 and x?
9
Let s(g) = -27 - 53*g - g**2 - 33*g + 104*g. Let j be s(7). Calculate the greatest common divisor of j and 70.
10
Suppose b + 3*k = 4*k - 2, 3*b - 5*k = -14. Suppose -5*y + 6*y = l - 101, -b*l + 206 = -y. Calculate the greatest common divisor of l and 120.
15
Suppose 4*u - 13*u + 3072 = 7*u. What is the greatest common factor of u and 1856?
64
Suppose -2*r + 5*a = -703, -r - 5*a + 448 - 74 = 0. Let q = r - 350. Calculate the greatest common divisor of 96 and q.
3
Let p(h) = 564*h + 18. Let g be p(2). Let y be (-32)/(-400) - g/(-50). What is the highest common divisor of 1 and y?
1
Let v be ((-50)/(-6))/(3/9). Suppose -346*n + 41140 = 28*n + 110*n. What is the highest common factor of n and v?
5
Suppose -35 = 4*l + 13. Let s be ((-4)/l)/(1/3). What is the highest common divisor of s and 17?
1
Let b = -10369 - -10376. Suppose 147 = 3*n - 0*n. What is the greatest common factor of b and n?
7
Let a(t) = t**2 + 10*t + 88. Let b(m) = -4*m + 44. Let s be b(15). Let z be a(s). Let p = 11 - -12. Calculate the greatest common factor of p and z.
23
Let p = -2 - 77. Let l = -46 - p. Suppose -3 = -3*c + l. What is the highest common factor of 12 and c?
12
Suppose 76*i + 1980 = 81*i. Suppose -13*r + i = -4*r. What is the greatest common divisor of 66 and r?
22
Let b = 19230 + -16282. Calculate the highest common factor of 132 and b.
44
Let c = -8387